(u) = p*o(u) - 3*s(u). Give v(4).
2
Let m(d) be the first derivative of 0*d + 1/12*d**4 - 8/3*d**3 + 1/24*d**5 + 0*d**2 - 4 - 1/360*d**6. Let x(i) be the third derivative of m(i). Calculate x(5).
2
Suppose 0 = -2*u + 22 - 4. Let x(q) be the second derivative of q**3/6 - q**2 - 8*q. Give x(u).
7
Let p(t) be the second derivative of -19*t**4/12 - t**2/2 + 214*t. What is p(-1)?
-20
Let m(l) = -l + 13. Let t = -116 - -123. What is m(t)?
6
Let n(a) = 19*a**2 + 18*a - 17. Let q(h) = -7*h**2 - 6*h + 6. Let c(u) = 4*n(u) + 11*q(u). Give c(4).
6
Let y(t) = -4*t - 8. Suppose -43*d + 38*d - 20 = 0, -3*d - 12 = b. Give y(b).
-8
Let o(w) = -w**2 + 12*w - 6. Let f = -325 - -338. What is o(f)?
-19
Let q(l) be the third derivative of l**4/8 - l**3/6 + 96*l**2. Let r(y) = -y + 8. Let f be r(8). Let t = 1 - f. What is q(t)?
2
Let n(q) = 11*q - 3. Let v(s) = 52*s - 14. Let z(w) = -14*n(w) + 3*v(w). Calculate z(2).
4
Let a(m) be the second derivative of m**4/12 + m**3 - 4*m**2 - 5*m + 5. Let r be a(-6). Let c(s) = s**2 + 7*s - 9. Determine c(r).
-1
Let m(i) = -5*i**2 + 5*i + 2. Let c(g) = 10*g**2 - 12*g - 4. Let n(s) = -3*c(s) - 7*m(s). What is n(1)?
4
Suppose 23*h = 25*h - 4. Let j(z) = 1 + 0 - 2*z**h + 2*z + 0*z**2. Give j(2).
-3
Let w be -6 + 10 + -3 + 2. Suppose -b = -w*o - 13, -5*o - 29 = -2*b - 6. Let r(t) = t + 2. Let j(p) = p + 1. Let z(n) = -4*j(n) + 2*r(n). Give z(o).
6
Suppose 0 = -2*g + 2*f + 6, 4*g = 7*g + 4*f - 9. Let t(k) be the third derivative of -1/12*k**4 + k**2 + 0*k + 0 + 1/60*k**5 - 1/3*k**g. Determine t(-2).
6
Suppose -5*j = -3*g + 10 + 12, -2 = 3*j + g. Let h be j/((-2)/(-6)*-3). Let c(s) = 7 - 8*s**2 + 6*s**h + 10*s + 1 + 3*s**2. Calculate c(-6).
-16
Suppose 0 = 5*z + 9 - 489. Let p(d) = -z*d + 3 + 97*d + 0 + d**3. Suppose -4*y = -8*y. Calculate p(y).
3
Let r(t) be the first derivative of 0*t**3 + 3/8*t**4 + 1/2*t**2 + 10 + 0*t. Let y(u) be the second derivative of r(u). Give y(-2).
-18
Let v(l) = -l**3 + l + 2. Let u be v(0). Let n(c) = -16*c - 6. Let y(z) = 13*z + 5. Let m(b) = 4*n(b) + 5*y(b). What is m(u)?
3
Let v(k) = 14*k**2 + 29*k + 9. Let s(i) = 3*i**2 + 7*i + 2. Let x(l) = -9*s(l) + 2*v(l). What is x(7)?
14
Let n(d) = 12*d**2 - 3*d + 3. Let o(a) = 6*a**2 - a + 1. Let v(t) = 2*n(t) - 5*o(t). Determine v(2).
-25
Let r(k) = -2*k + 13 - 2 - 3. Determine r(6).
-4
Let c(v) = -8*v + 134. Let t be c(17). Let n(k) = -k**2 - k + 4. Give n(t).
2
Suppose -2*y + y = 0. Let c be 0 - (-1362)/54 - 2/9. Suppose -z - 4*z + c = y. Let w(a) = a**3 - 6*a**2 + 6*a - 6. Determine w(z).
-1
Let r(p) = -75 + 37 + 66 + 2*p. What is r(-16)?
-4
Let f(t) be the second derivative of -t**7/2520 - t**6/144 + t**5/40 + 11*t**4/6 - t**3/6 - 46*t - 1. Let h(i) be the third derivative of f(i). Determine h(-6).
-3
Let h(j) = 836*j - 837*j + 3 - 2 - 7*j**2 - 2. Suppose -4*q + 19 = -3*r, -2*q = -3*r - 0*r - 11. What is h(r)?
-7
Let f(m) = -9*m + 25. Let n(b) = 6*b - 23. Let t(s) = 5*f(s) + 6*n(s). Determine t(-9).
68
Let g(k) be the first derivative of -k**2/2 - 12*k - 11. Let y be g(-11). Let q(c) = -7*c. Determine q(y).
7
Let c be (-6)/(-4)*28/(-21)*-4. Let d(f) = -2*f**3 + f + 4. Let a(w) = -5*w**3 + 2*w + 11. Let q(s) = c*d(s) - 3*a(s). Determine q(2).
-5
Let s(m) = 6*m**3 + m**2 - 2*m + 1. Let c(h) = -h**2 + 6*h + 56. Let i be c(11). What is s(i)?
6
Let x(t) = t**2 + t - 2. Suppose 4*w = 14 + 22. Suppose -4*m = -2*u - 6 + 22, -3*u + w = -m. Suppose -u = -7*y + 6*y. Calculate x(y).
4
Suppose 2*h + 125 = 5*y, 5*y - 1 - 129 = 3*h. Let u(c) = -6 - 24*c + y*c - 6 + 3. What is u(0)?
-9
Let w be (-11)/22*0/2. Suppose 5*d + 131 - 1 = w. Let i = d - -23. Let j(u) = -u + 3. Calculate j(i).
6
Let w(v) = -2*v + 1 - 3990*v**3 + 3*v + 3988*v**3. Determine w(2).
-13
Let t(l) be the second derivative of -1/6*l**4 + 0 + 1/6*l**3 + 0*l**2 - 8*l. Determine t(1).
-1
Let k be (11/3)/(5/(-15)). Let j(d) = -4*d - 12. Calculate j(k).
32
Let s(y) = -2 + y**2 + 3*y + y**2 + 0*y**3 - y**3. Suppose -2*t = -c - 27, -4*c = -c + 9. Let f be 28/t - (-2)/3. Calculate s(f).
-2
Let k be (-1)/(-1) + (0 - 2). Let y = 8 - 5. Let g(l) = -y + 2 - 7*l + 5*l. Give g(k).
1
Let x(y) be the second derivative of y**4/12 + y**3/2 - y**2 + 15*y - 4. Determine x(-4).
2
Let f be (-13)/(-3) - 8/24. Let i(w) = f*w + w + 8 + 4*w - 8*w. What is i(-6)?
2
Let y be -1 + -2 - 95/19. Let k(w) = -w - 6. Give k(y).
2
Let a(u) = -4*u - 3*u + 3*u. Let s(r) = -r**3 + 4*r**2 - 5*r + 5. Let c be s(3). Give a(c).
4
Let x be (-1)/1*(-39)/(-3). Let i = x + 14. Let c be ((2 - 8) + 3)/i. Let h(m) = -m - 3. Give h(c).
0
Let c(x) = x**2 + 6*x. Let j be 0 + -1 - (-55)/5. Suppose j*f - 12*f - 12 = 0. Calculate c(f).
0
Suppose -2*w - 4 = -3*c - 3, 5*c = -2*w + 39. Let b(j) = 2*j - 7. Calculate b(w).
7
Suppose -27*t + 53*t = 52. Let m(r) = -5*r**2 - 4*r + 4. What is m(t)?
-24
Let b(q) = 2*q**2 - 26*q + 12*q - 4*q**2 + 11*q. Determine b(-4).
-20
Let s(i) be the first derivative of i**4/4 - 8*i**3/3 + 13*i**2/2 - 14*i - 38. Determine s(6).
-8
Let q = 30 + -25. Let w(s) = -5*s + 6*s**3 - 6*s**2 - 4 + 3*s**3 - 13*s**3 + q*s**3. Calculate w(7).
10
Let a be (0 + -1 + 3)*1. Let k(r) = -3*r + a + r - 1 - 4*r. Suppose -f = f - 2. Give k(f).
-5
Let n(a) be the first derivative of -a**3/3 - 13*a**2/2 + 13*a - 75. Give n(-13).
13
Let c(y) = -20*y**2 + 25*y - 6. Let j(g) = 3*g**2 - g + 1. Let q(r) = -c(r) - 6*j(r). What is q(9)?
-9
Let p(y) = y**3 + 11*y**2 + 3*y + 16. Let i(s) = -s**3 - 33*s**2 + 51*s + 567. Let v be i(-34). What is p(v)?
-17
Let x(w) be the first derivative of -4*w**3/3 + 3*w**2/2 - w + 17. Let z(f) = f**3 + 6*f**2 - 8*f - 5. Let r be z(-7). What is x(r)?
-11
Let r(k) = 5*k**2 - 3*k + 2. Let c(d) = 9*d**2 - 6*d + 4. Let u(w) = -4*c(w) + 7*r(w). Suppose -3*i = 13 - 4. Calculate u(i).
-20
Let a = -113 + 36. Let b = -79 - a. Let x(h) = h**2 - h + 2. Determine x(b).
8
Let a = -22 + 37. Suppose -z = -a + 12. Suppose -z*o = -p - o + 5, -5*o = -2*p + 14. Let i(f) = f**2 + 2*f + 1. Determine i(p).
4
Let w be ((-4)/(-14) - (-38)/14) + 2. Let i(t) = t**2 - 6*t + 7. What is i(w)?
2
Let u(z) = z**3 + 3*z**2 + 2*z + 6. Suppose 2*r + 2 = 0, -5*y = -7*r + 10*r + 23. Determine u(y).
-18
Let m(u) = 4*u + 3*u**2 + 4 + 3*u**2 + u**3 - 4*u**2. Let g be 0/(-1) + 4 - -105. Let b = -112 + g. Give m(b).
-17
Let d = -14 + 18. Let c(x) = 2*x + 9 + d - 13. Give c(5).
10
Suppose 1 = -4*g - 3. Let c = 23 + -16. Let n(i) = 9*i + 6*i**2 + 2 - c*i - 1. What is n(g)?
5
Let r(y) be the third derivative of y**6/120 - y**4/12 + y**3/6 - 2*y**2. Let b be r(2). Let l(z) = -b*z**2 - z + 0 + 2 + 2 + z**3. What is l(5)?
-1
Let w(r) = r**3 + 16*r**2 + 57*r + 16. Let t be w(-11). Let z(b) = -b + 8. Give z(t).
14
Let b(j) = j**3 + 6*j**2 - 11*j - 5. Let a(g) = -g - 21. Let s be a(-15). Let m be s/4*1*42/9. Determine b(m).
23
Let m(p) = -p**2 - 6*p + 1. Let a = -29 - -64. Suppose -4*k + a = -7*l + 2*l, -4*l + 2*k = 28. Calculate m(l).
-6
Let j(u) = -6*u + 11 - 10*u + 14*u - 3*u. Determine j(3).
-4
Let f(g) = 18*g + 13. Let d(a) = -2*a - 3. Let l(v) = 4*d(v) + f(v). Suppose 3*t = -5*q - 1 + 3, 0 = -3*t - 3. What is l(q)?
11
Let a(o) = -o**3 + 4*o**2 + 3*o + 2. Let q(n) = 20*n**2 + 4*n - 1. Let i be q(1). Let z = i + -19. What is a(z)?
14
Let b(z) = -7. Let s(v) = -2*v + 0 + 35 + 0 + v. Let f(o) = 11*b(o) + 2*s(o). Give f(-6).
5
Let d(a) = 38 + 46 + a - 80. Determine d(6).
10
Let p(d) = -d**2 - d + 1. Let j(o) = -o**2 + 2*o - 3. Let x(w) = j(w) - 2*p(w). Let y be 2/4 - (4 - (-875)/(-10)). Let k = y - 90. Determine x(k).
7
Let q(s) = 3*s**2 - 4*s + 6. Let h(o) = 4*o**2 + 3*o**2 - 7*o + 6 + 7. Let i(b) = -2*h(b) + 5*q(b). What is i(4)?
-4
Let x(t) be the third derivative of -7*t**6/120 - t**5/30 + t**4/6 - t**3/2 + 119*t**2 - 3*t. What is x(2)?
-59
Let m(n) = n**3 - 2*n - 3. Suppose 0 = -u - 2*h + 16, 5*u - 41 = 6*h - 3*h. Let b = -183 + 192. Suppose -b*w = -4*w + u. Determine m(w).
-7
Let l(r) be the third derivative of -5*r**4/12 - r**3/2 - 351*r**2. Determine l(1).
-13
Let d be 240/(-150)*(-20)/8. Let f(z) be the third derivative of z**6/120 - z**5/20 + z**4/12 - z**3/2 + z**2. What is f(d)?
21
Let x(h) = -2*h**2 + 6*h - 9. Let q(c) = 3*c**2 - 8*c + 11. Let m(j) = -4*q(j) - 5*x(j). What is m(-2)?
-11
Let j(f) = 11*f**3 - 10*f**2 - 7*f + 11. Let k(r) = 7*r**3 - 7*r**2 - 4*r 